 -2) + 2 - -1
5
Evaluate (-2 - -4) + 2 + -2 + 3.
5
Evaluate 8 + -6 - (4 + 2).
-4
Evaluate 0 + -2 + -3 + 0.
-5
2 - 3 - (0 - (0 - 1))
-2
What is 2 - (-3 + 7 - 11)?
9
What is the value of (-1 - -4) + (4 - 3)?
4
4 + -8 - (6 - 19)
9
What is (-5 - (13 - 18)) + -1 + 7?
6
What is the value of -3 + -1 + 3 - (-4 - 0)?
3
Evaluate (-3 - (-3 + 1)) + 1 - 2.
-2
What is the value of -4 - -3 - (6 + -2)?
-5
Evaluate (2 - (-2 + 7)) + (-2 - 1).
-6
2 - -1 - 6 - (0 + -6)
3
What is the value of 3 - (3 + -3) - (-2 + 2)?
3
What is the value of 6 + -3 + -2 + -2?
-1
-3 + -2 + 0 + 6 - -1
2
What is the value of 3 - (0 + 2 + (2 - -4))?
-5
What is 5 - (8 + (0 - 0) + -3)?
0
Calculate (-8 - -2) + 7 + -4.
-3
Evaluate 7 - (-2 + 3 + 3 - -3).
0
Calculate (-10 - -4) + 8 - (6 + -3).
-1
Calculate -4 + -2 + 0 + -4 + 4.
-6
What is the value of -2 + (-6 - -7) - (1 - 3)?
1
Calculate (2 - 5) + -6 - -5.
-4
Calculate 43 + -48 - (-10 + -1).
6
2 + (6 + (4 - 3) - 5)
4
Calculate -4 + -6 + 1 - -7.
-2
-1 - -1 - (-11 - -14)
-3
What is 2 - 0 - (257 - 245)?
-10
-4 + 7 + -3 + -1 - -4
3
What is the value of 6 - (9 + -6 + 4)?
-1
Calculate (-1 - 0) + 2 + 23 + -24.
0
Calculate (3 - 7) + 4 + 3.
3
2 + 2 + -4 + -2
-2
What is the value of -8 + -6 + 8 - -7?
1
-4 + -3 + 12 + -2 + -3
0
What is -1 + 0 + (-2 + 5 - 0)?
2
Evaluate -7 + -3 - (-10 + 6).
-6
What is 7 + (-12 - 9) + 7?
-7
Calculate 2 + 0 + -18 + 39 + -14.
9
Evaluate (0 + 0 - -4) + (-1 - 5).
-2
Calculate -7 + -1 + (-160 - -159).
-9
Evaluate 6 - (14 + 0 - 2).
-6
What is the value of -1 - (3 - (-1 + 5 - 0))?
0
(-1 - 14) + 5 + 6 + 5
1
What is (4 - 3) + -12 + (-13 - -17)?
-7
Evaluate 0 + -1 + 15 - 6.
8
What is (6 - (1 - -3 - 1)) + -5?
-2
Evaluate 3 - (-1 + -1) - 6.
-1
What is the value of -9 - -7 - (-4 - 2)?
4
What is 4 + 2 - -2 - 15?
-7
-3 - (-6 - (2 + (-2 - 3)))
0
What is the value of (-26 - -4) + 9 - (-13 + 5)?
-5
Calculate 0 + (-3 - (-2 - 0)).
-1
Evaluate -4 + (-1 + 0 - (-16 - -8)).
3
-6 + (-18 - -11) + 18
5
Calculate -1 + -2 + 8 + (4 - 17).
-8
What is the value of -2 + -4 + 4 + 6 + 3?
7
What is -32 + 36 + (1 + -3 - 1)?
1
What is the value of 1 - (1 + -3 - (-3 - -1))?
1
What is 10 + -14 - (-8 + 1 + 3)?
0
What is the value of (-10 - -10) + 5 + -5?
0
Evaluate (1 - -4 - 2) + -2 + -2.
-1
What is the value of (-13 - -12) + 5 + 0 + 3?
7
What is the value of 7 + (5 - 2) + -9?
1
1 + -3 + (1 - -9) + -3
5
Calculate (-5 - -8) + (-4 - -1).
0
What is 19 + -23 - (-8 + 0 - -1)?
3
Calculate 5 + (-5 - (3 - (0 - 0))).
-3
Calculate -1 - ((3 - 0) + -7).
3
What is the value of -3 + (2 - 2) + 10?
7
Calculate -4 - -3 - (-12 + 8).
3
Evaluate -4 - (-1 + 3 + -13 + 10).
-3
What is (5 - (-3 - -6)) + -1 + 0?
1
Calculate 1 + 2 + (10 + -4 - 3).
6
What is -2 - (5 - 7) - 1?
-1
Evaluate (-3 - (0 - 1)) + (3 - -1).
2
-9 + 3 + 0 + 5
-1
Evaluate 1 + (2 - -2) - 2.
3
(-4 - -2) + 4 + (-7 - -1)
-4
Calculate 2 - -4 - (7 - 3).
2
Calculate -5 - ((-2 - -6) + -5).
-4
Evaluate -5 - (-18 + (1 - -8)).
4
(-10 - (-2 - 5)) + 3
0
Evaluate -1 + -12 + -1 + 22.
8
(0 - 4) + (-195 - -204)
5
What is -116 + 123 - (-1 + 1)?
7
Calculate -4 + 10 + (-1 - 10).
-5
What is the value of -8 + 11 + -5 + -1?
-3
Evaluate 1 - (-1 - 6) - (1 + -3).
10
Evaluate (3 - 2 - 6) + 2 - -1.
-2
Evaluate 5 + (-5 - -6 - 4).
2
What is the value of 107 - 102 - (2 + -1)?
4
Calculate (1 - (8 - 2)) + 3 - -7.
5
What is the value of -13 + 20 - (11 + 1)?
-5
What is (-17 - (-6 - 2)) + 8?
-1
5 - (-13 - 1 - -13)
6
What is -2 - (-1 + 5) - (-1 + -1)?
-4
Calculate 0 - (0 + 2 + -7).
5
What is the value of -4 + (11 - 20) + 4?
-9
Calculate 2 - (0 - (-5 - -1)).
-2
Calculate (-5 - (-9 - -15)) + 7.
-4
What is 0 + -1 - (-9 + 8) - 0?
0
(-13 + 8 - -9) + (0 - 2)
2
What is the value of -11 - (2 - 17 - 4)?
8
What is 6 + (7 - (0 - (-4 - 0)))?
9
What is -5 - -1 - (-8 + 4 + 4)?
-4
-5 + (2 - (3 - (9 + -6)))
-3
What is (-5 - -5) + (-8 - -3)?
-5
What is (23 - 17) + (-2 - 2)?
2
-3 - -3 - (-3 - 0) - 7
-4
What is the value of 2 - (1 + 1) - -4?
4
What is the value of -5 - (2 - 8) - -1?
2
What is 4 + -8 + -1 + 0 - -1?
-4
Evaluate 0 + -1 + (0 - 0 - -1).
0
What is the value of -4 + (-2 - -2) + (0 - -11)?
7
What is -2 + ((3 - 3) + 1 - 1)?
-2
What is the value of -14 - (8 - 3 - 10)?
-9
What is the value of -1 + 2 + 3 + (-3 - 4)?
-3
Evaluate 13 + 0 + (74 - 85).
2
What is the value of -3 - (1 + 1 + 1 + -2)?
-4
-2 - 5 - -2 - -2
-3
What is -5 + 4 + 8 + -12?
-5
3 - (17 + -18 + 7 + 1)
-4
What is -5 + (-4 - 0) + 1 + 3?
-5
9 - (0 - (4 - 10))
3
Calculate (0 - (-4 + 3)) + 4.
5
Calculate 3 + (2 - -2 - 7).
0
(7 - 1) + (-8 - -7)
5
-7 + -3 + 6 - -9
5
What is the value of -72 + 71 + (0 - (-3 - -2))?
0
What is (-4 - (3 + -10)) + -14 + 5?
-6
Calculate -1 - (6 + (-5 - 1)).
-1
Evaluate 1 + 2 + -20 + 13.
-4
Calculate -8 - (-12 + 9) - -5.
0
-1 + (-2 - 4 - -8)
1
(11 - -3) + -10 - 7
-3
What is 3 + -2 + (1 + 0 - -2)?
4
What is the value of (-46 - -29) + 2 + 8?
-7
(-5 + -2 + 2 - -1) + 6
2
What is 7 + -11 + -5 + 10?
1
Evaluate 0 - -1 - (-2 - -4).
-1
What is the value of (-2 - -1) + (3 - -1) + 0?
3
What is -10 + 5 + 0 + 1 - -2?
-2
What is the value of 6 - (-1 + -3 + 4)?
6
What is -1 + (5 - ((-5 - -16) + -5))?
-2
What is the value of -3 + 0 - (106 + -104)?
-5
Evaluate (3 + 7 - 5) + 0.
5
(5 - 0) + -1 - (5 + -6)
5
What is the value of 2 + (-3 - (-2 - 0))?
1
Evaluate 5 + -18 + 6 - (-14 - -7).
0
Evaluate 8 + -12 + 3 + 4.
3
Evaluate 1 - 1 - (-33 + 37).
-4
Calculate 6 + (1 - 5) + 0.
2
What is the value of -14 - (11 + -27 + 1)?
1
What is the value of (11 - -2 - 10) + -9?
-6
-15 + 18 - (6 + -8)
5
1 - 2 - ((1 - 4) + -1)
3
0 - ((5 - 6) + -1)
2
Calculate -10 + -2 + (-2 - -12).
-2
What is the value of 3 + 0 - 5 - 0?
-2
What is -6 + (-5 + 6 - -5)?
0
Evaluate 1 - (2 + -3 - -10 - 3).
-5
Evaluate 6 + 3 + -5 - 3.
1
Evaluate 2 + (2 + -2 - (-23 + 34)).
-9
-18 + (27 - 13 - 0)
-4
Evaluate -4 + -10 + 3 + 18.
7
What is -19 - (1 + (7 - 21))?
-6
What is the value of -2 - ((-3 - -11 - 6) + 2)?
-6
Calculate 1 + (13 - (3 + 2)).
9
Calculate -1 - (-2 - -1) - (14 - 23).
9
What is the value of 4 - 1 - (35 - 32)?
0
20 - 15 - (-1 - -1)
5
What is the value of -2 - (-3 - (-3 + 2))?
0
What is the value of 1 - 4 - (2 + 2 + -7)?
0
What is (-2 - (-1 + 0)) + (-4 - -5)?
0
Calculate -38 + 39 - (-1 - -2) - 3.
-3
What is the value of 22 + -19 + (-4 - 0)?
-1
What is the value of 0 + (-10 - (0 - 6))?
-4
What is the value of 0 + -2 + (14 - 9)?
3
Evaluate 6 + -4 - -6 - 11.
-3
What is the value of 5 + (-4 - 3) + -3 + 5?
0
What is 5 - (0 - -1 - 1)?
5
What is the value of -6 + 1 - (-53 + 44)?
4
Calculate 2 + 1 + -2 + -1 + 1.
1
What is (-7 - (0 - 3)) + -2 + 1?
-5
(-2 - -2) + -2 + 0
-2
What is -6 + 5 - (0 + -5 + 1)?
3
Calculate 9 + (-14 - -12 - 4).
3
What is the value of 20 + -16 + (0 - 2) - -3?
5
Evaluate 11 + (-8 - (0 + -7)).
10
What is 4 + -5 - 0 - -2?
1
What is 9 + (-10 - (-13 + 11))?
1
1 + -2 - (0 - -1)
-2
What is 2 + -12 - (-6 - 0)?
-4
Evaluate -215 + 210 - (-15 - -1).
9
What is the value of 1 + (-4 - 8 - -4) - -2?
-5
What is the value of (-2 - -4) + 23 + -18?
7
Evaluate 6 + (-1 - -1 - 8).
-2
What is -4 - ((1 - 0) + -3)?
-2
What is the value of (-3 - -3) + 11 + -47 + 39?
3
What is -4 - (-2 + 2) - (-12 + 12)?
-4
Evaluate 6 + (4 - 3) - 9.
-2
What is the value of 4 + (-10 - (4 + -5) - -2)?
-3
Evaluate -8 + 0 + 23 - 11.
4
Evaluate -14 - (2 + -6 - 6).
-4
Evaluate 2 + (-8 - (-2 - 5 - -1)).
0
What is the value of 5 - 0 - (6 - -3)?
-4
What is -1 + 1 + (5 - 5)?
0
What is the value of (26 - 23) + (4 - (0 - -1))?
6
-1 - (-1 - (-7 - -1 - -2))
-4
Evaluate -7 + -2 + 2 + 2 + 2.
-3
-9 - (-19 + 11) - 2
-3
What is (-6 - (4 + -2)) + 4?
-4
Evaluate (-6 - -13 - 4) + (-6 - 0).
-3
Calculate 1 + (11 - 9 - 3).
0
Calculate 0 + -2 + 1 - -4.
3
3 + (-4 - -4) - 0
3
What is -1 + (4 - (-1 - 0))?
4
Evaluate 6 + -9 + (3 - 4) + 0.
-4
Calculate -1 - (2 + -5 - -4).
-2
Evaluate 8 - (-7 + -1 - -12) - -3.
7
What is the value of -10 - -3 - -4 - 9 - -5?
-7
-1 + (4 + 0 - (-3 + 5))
1
What is -2 + -6 + 3 + 6?
1
Evaluate (2 + -8 - 0) + 8 - 2.
0
(-8 - -11) + (-4 - (-8 - -1))
6
Calculate (2 - -3) + (1 - (6 - 0)).
0
(-2 - -3) + (2 + -8 - -4)
-1
Evaluate 4 - (-12 - (-5 - 3)).
8
What is the value of 0 + 3 + (4 - 4)?
3
What is the value of 5 + 7 + -8 + -7 - 5?
-8
Calculate 9 - (0 - (3 - 8)).
4
Evaluate (5 + -7 - -7) + -8.
-3
Calculate -1 + -2 + (25 - 15).
7
What is 4 + (-6 - (-5 + -2))?
5
Evaluate 14